+ 2514. Calculate the greatest common divisor of 26 and y.
13
Let v(w) = 22*w - 2*w - 21*w + 10. Let j be v(4). What is the greatest common divisor of j and 192?
6
Let i be (-2)/(-1)*(-1)/2. Let v be (-4 - -3)*i*10. Suppose 67 - 47 = 5*z. What is the greatest common divisor of z and v?
2
Let y be (2/4)/((-2)/1004). Let w = 1131 + y. What is the greatest common factor of w and 55?
55
Suppose -2089*q + 2054*q = -54600. Calculate the greatest common factor of 1000 and q.
40
Let y be -2*(-21)/(-6) + 22. Let g be (-42 + 0)/(-5*1/y). What is the greatest common factor of g and 315?
63
Suppose -4860 = -2383*s + 2248*s. Calculate the greatest common divisor of s and 652.
4
Let m(t) = -2*t**2 + 12*t - 20. Let b be m(6). Let p = b + 35. What is the highest common factor of p and 30?
15
Let b(w) = -2*w + 828. Let y be b(-9). Calculate the greatest common divisor of 9 and y.
9
Let a be 890/24475 + 27166/110. What is the greatest common divisor of a and 38?
19
Let p be ((-60)/45)/((-10)/45). Let m(j) = j**2 + 4*j + 3. Let b be m(-4). What is the highest common factor of b and p?
3
Let w(j) = -j**2 + 14*j + 184. Let h be w(22). Suppose 2*i + 16 = 6*i. Let n be (-8)/6*(i - 34). What is the greatest common divisor of h and n?
8
Suppose -92 = -222*k + 220*k. Let j be ((-4)/(-10))/(2/10). What is the greatest common divisor of k and j?
2
Let f = -3 - -19. Suppose -4*g + 7*g + 3 = 0, -5*g - 20 = -5*w. Suppose -3*m - 2*r = -0*r - 12, r - 12 = -w*m. What is the highest common divisor of m and f?
4
Suppose -62283 + 62403 = 15*h. What is the highest common factor of h and 151?
1
Let t = -11203 - -14343. Calculate the greatest common divisor of t and 70.
10
Suppose -12*z + 120 = -10*z. Let l = z + -54. Suppose 0 = v - 4*x + 8, -v + 3*x - 10 + l = 0. What is the highest common divisor of v and 14?
2
Let h be -1 - (41/(-1) - 2). Let p = -235 - -252. Suppose -p*m - 84 = -23*m. What is the greatest common divisor of h and m?
14
Let m(h) = 15*h**2 - 52*h + 188. Let y be m(4). Calculate the highest common divisor of y and 2068.
44
Let r(m) = -m + 29. Let h be r(-9). Suppose -42 - h = 2*v. Let j be 6/(-8) - 510/v. What is the highest common divisor of j and 48?
12
Let c(w) = 572*w**2 + 5100*w + 1. Let p be c(-11). What is the greatest common divisor of p and 558?
279
Let t(u) = -u**2 + 22*u - 13. Suppose -7*k - 5*k - 300 = 0. Let m be 13 + k/(-1 - 4). Let w be t(m). Calculate the highest common factor of w and 236.
59
Let u = -80 - -83. Let z(l) = 29*l**2 + 5*l - 6. Let i be z(u). Suppose -7*n + i + 10 = 0. Calculate the greatest common divisor of 16 and n.
8
Let y = -10 + 15. Suppose 0*x + x - 206 = -y*n, -2*n - 2*x + 84 = 0. Let t = -11 + n. What is the highest common factor of 40 and t?
10
Let t = 15 + -9. Let y be 36/(-60)*-15 - (-1911)/7. What is the greatest common factor of y and t?
6
Suppose 49 = 8*w + 1. Let s be (1 + -6 + -1)*(-3)/w. Suppose s*y = -y + p + 84, y = -p + 21. What is the highest common factor of 63 and y?
21
Suppose 35*h - 34*h - 29 = 0. Suppose 35 = 4*f - h. Let b = 54 - f. What is the highest common factor of b and 57?
19
Let d = -267 + 280. Suppose 12*a + 66 = d*a. Let u = 18 - 12. Calculate the highest common divisor of a and u.
6
Let f(k) = 30*k**2 + 3*k. Let c be f(4). Let i = -9411 - -9423. Calculate the greatest common divisor of c and i.
12
Let i(u) = -u**3 + 14*u**2. Let d be i(14). Suppose -3*b - 3*m + 81 = d, -54 = -0*b - 2*b + m. Calculate the greatest common divisor of b and 18.
9
Let v = 724 - -3308. Suppose 27*s - 6*s - v = 0. What is the greatest common divisor of s and 24?
24
Suppose -7*q = -2*i - 5 - 82, 2*i - 30 = -2*q. Let b(o) = o + 11. Let a be b(q). Calculate the greatest common divisor of 88 and a.
8
Suppose -2*w = 2*c - 84, 2*c + c + 4*w = 131. Let m(a) = -a**3 + 39*a**2 - 68*a - 87. Let i be m(c). Calculate the greatest common factor of i and 72.
9
Suppose m = -516 + 549. What is the greatest common divisor of 165 and m?
33
Suppose 203*q - 198*q - x - 2104 = 0, 2*x + 848 = 2*q. What is the highest common divisor of q and 364?
28
Let y(s) = -2*s**2 - 3*s**3 - s + 10 - 17*s**2 + 5*s - 9*s. Let t be y(-6). Suppose t*f = 3*f + 180. Calculate the highest common factor of 36 and f.
36
Let x be (3/5)/((-1)/(-15) + 0). Suppose 1 = c - x. Calculate the highest common factor of 10 and c.
10
Suppose 882 = 67*w + 2490. Suppose -n + 2*n = 0. Let p be (21/(-3))/((n + 4)/w). Calculate the greatest common divisor of 105 and p.
21
Let c be (-9)/12 + 1806/8. Let h be 2/(-12 + 6)*(-2 + -25). What is the highest common divisor of c and h?
9
Suppose -3*s - 9 = 0, -y - 3*y + 793 = -3*s. What is the greatest common divisor of y and 2254?
98
Let r(s) = 26*s - 6. Let z be r(6). Suppose 0 = 1485*x - 1345 - 9086 - 4419. What is the highest common factor of z and x?
10
Let b(g) = -62*g - 3005. Let j be b(-54). Calculate the highest common factor of 238 and j.
7
Suppose -x - 4*x + d + 653 = 0, 2*x - 3*d - 269 = 0. Suppose -52*g = 2583 + 2773. Let o = x + g. What is the greatest common factor of 18 and o?
9
Let n(i) = i**2 - 3*i - 3. Let r be n(5). Suppose -27*o + 15*o = -1656. Suppose r*b = 9 + o. What is the highest common divisor of b and 168?
21
Let f(d) = -2*d**3 + 4. Let j be f(0). Suppose -10*a + 15*a - 80 = 0. Calculate the greatest common factor of j and a.
4
Suppose 0 = -571*h + 562*h + 342. Calculate the highest common divisor of 1273 and h.
19
Suppose -k + 4*z = 3, 5*k + 4*z - 11 + 2 = 0. Let x(q) = 1275*q + 3. Let w be x(k). What is the greatest common divisor of 18 and w?
18
Let y be (4 - (-217)/(-49)) + (-118)/(-14). Suppose -3*i + 52 = 2*h, 3*h - 10*i - 104 = -y*i. What is the greatest common factor of h and 256?
32
Let i be ((-18)/12)/(4/312). Let b = 236 + i. What is the highest common divisor of b and 17?
17
Let h be (-47584)/(-96) - ((-2)/(-3) + 0). Let u be (-5)/((-92)/44 - (0 - 2)). Calculate the greatest common factor of h and u.
55
Let t = -306016 + 306046. Let j = 92 + 73. Calculate the highest common factor of t and j.
15
Let g = -18301 - -18406. What is the greatest common divisor of 294 and g?
21
Let y = -478 - -530. Let z = -40 + y. What is the highest common factor of z and 45?
3
Let y(x) = x**3 - 12*x**2 + 14*x + 88. Let l be y(11). Calculate the greatest common divisor of 44 and l.
11
Suppose 5*h + 2*p + 51 = 0, -2*h - 3*h - 3*p = 54. Let i be 4683/49 - h/21. Let v = -48 + i. What is the greatest common factor of 12 and v?
12
Let g be (11/7)/(102/(-21) - -5). Suppose -5*f + 1216 = g*f. What is the greatest common divisor of 114 and f?
38
Suppose 5*q - h = 2*h + 1182, -5*q - 3*h = -1158. Let p(t) = -25 + 6*t - 26*t + 3 + 16*t. Let s be p(-12). What is the highest common factor of s and q?
26
Suppose -3330 - 1964 + 1302 = -499*n. What is the highest common divisor of 14408 and n?
8
Suppose -7*r + 9*r = -12. Let b be 4/(-6) - (4 + (-686)/r). Let a = b - -164. What is the greatest common divisor of 18 and a?
9
Suppose 424*j = 3*i + 429*j - 196, j + 16 = 0. Suppose -102 = -y - 2*t, 0 = -2*y + 4*t - t + 169. What is the highest common factor of y and i?
92
Let s(u) = 6*u**2 - 3*u + 65. Let o be s(-8). What is the highest common factor of 33 and o?
11
Suppose 5*s + 49 = 4*g, -4*s + 3*s = 4*g - 19. Let z be g/7 - (-680)/56. Calculate the greatest common factor of z and 13.
13
Suppose -50289 = 59*c - 48589 - 149908. What is the highest common divisor of c and 32?
16
Let w = 234 + -165. Let i = -109 - -169. Let u = i - 14. What is the highest common factor of w and u?
23
Let w(q) = q**2 - 29*q - 5. Let y be w(34). Let m = -156 + y. What is the greatest common factor of m and 261?
9
Suppose -10*a + 329 - 69 = 0. Let p(r) = -21*r. Let j be p(-2). Suppose 3 - j = -t. Calculate the greatest common factor of t and a.
13
Let l = 669 - 429. Suppose -13*s = -33*s + l. What is the greatest common divisor of s and 42?
6
Suppose 240 = 289*i + 298*i - 584*i. What is the greatest common factor of 190 and i?
10
Let f = 2864 - 2686. Calculate the greatest common divisor of f and 6230.
178
Suppose 5*g - 3*g - 12 = 0. Let z be (39/g)/(1/2). Suppose 2*x + 5*n = 233, 3*x - 6*n - 307 = -5*n. Calculate the greatest common factor of z and x.
13
Suppose -109 = -3*d + 2*g, -188 = d - 6*d - 3*g. Calculate the greatest common divisor of 2997 and d.
37
